{"id":2,"date":"2017-08-29T11:48:29","date_gmt":"2017-08-29T11:48:29","guid":{"rendered":"https:\/\/omertemel.com\/?page_id=2"},"modified":"2020-06-19T19:36:49","modified_gmt":"2020-06-19T19:36:49","slug":"anasayfa","status":"publish","type":"page","link":"https:\/\/omertemel.com\/","title":{"rendered":"Ana Sayfa"},"content":{"rendered":"<p>[vc_row full_width=&#8221;stretch_row_content_no_spaces&#8221;][vc_column]<div class=\"banner-area banner-area-59a6cd0d903aa external-indent banner-color-inherit\"><div class=\"banner-social-buttons\"><div class=\"links\"><a href=\"https:\/\/www.facebook.com\/miasanatgalerisi\" class=\"item\"><i class=\"fa fa-facebook\"><\/i> Facebook<\/a><a href=\"https:\/\/www.instagram.com\/miasanatgalerisi\/\" class=\"item\"><i class=\"fa fa-instagram\"><\/i> Instagram<\/a><a href=\"https:\/\/www.youtube.com\/channel\/UCzTKhey-yL_yUwDKU2aQJvw\" class=\"item\"><i class=\"fa fa-youtube\"><\/i> YouTube<\/a><\/div><\/div><div class=\"banner-about\"><div class=\"image col-xs-12 col-md-6\" style=\"background-image: url(<a href=\"https:\/\/omertemel.com\/wp-content\/uploads\/2018\/10\/yan-blok-hakkimizda-miasanatgalerisi.jpg\">https:\/\/omertemel.com\/wp-content\/uploads\/2018\/10\/yan-blok-hakkimizda-miasanatgalerisi.jpg<\/a>)\"><\/div><div class=\"text col-xs-12 col-md-6\"><div class=\"wrap\"><div class=\"cell\"><div class=\"heading-decor\"><h3>MIA | Moment In Art<\/h3><\/div><div class=\"text-p\">10 y\u0131l\u0131 a\u015fk\u0131n s\u00fcredir foto\u011fraf sekt\u00f6r\u00fcn\u00fcn i\u00e7erisinde olmam\u0131zla beraber, 2018 y\u0131l\u0131n\u0131n Ocak ay\u0131 itibari ile Mia | Moment In Art markas\u0131 ad\u0131 alt\u0131nda, hayallerinizi ger\u00e7e\u011fe d\u00f6n\u00fc\u015ft\u00fcrmek i\u00e7in siz de\u011ferli dostlar\u0131m\u0131za hizmet vermeye ba\u015flad\u0131k.<\/p>\n<p>MIA; her a\u015famas\u0131nda marjinal fikirlerin \u00f6zenerek haz\u0131rland\u0131\u011f\u0131 farkl\u0131 ve yarat\u0131c\u0131 karelere sahip bir \u201cprod\u00fcksiyon markas\u0131\u201dd\u0131r.<\/p>\n<p>Estetik kayg\u0131s\u0131 olan, s\u0131radanl\u0131ktan ho\u015flanmayan, pop\u00fcler k\u00fclt\u00fcrden uzak ve sanatsever bir kitleye hitap eder.<\/div><a href=\"https:\/\/omertemel.com\/hakkimizda\/\" class=\"button-style1\">Detaylar<\/a><\/div><\/div><\/div><\/div><div class=\"banner-right-buttons\"><div class=\"cell\"><div class=\"button about\"><span class=\"h\">Hakk\u0131m\u0131zda<\/span><span class=\"close\"><i class=\"basic-ui-icon-cancel\"><\/i>Close<\/span><\/div><\/div><\/div><div class=\"banner banner-59a6cd0d903aa  arrows-right-bottom pagination-right-outside\" style=\"\"><div class=\"item banner-item-59a6cd153c2d5 tac black\" style=\"background-image: url(https:\/\/omertemel.com\/wp-content\/uploads\/2020\/06\/IMG_6947-copy-scaled.jpg)\" data-heading=\"\" data-text=\"\">\n                    \n                    <div class=\"container\">\n                        <div class=\"cell bottom\">\n                            <div class=\"heading\">\n                <h3 class=\"h\"><\/h3>\n            <\/div>\n                            \n                            \n                        <\/div>\n                    <\/div>\n                <\/div><\/div><\/div>[\/vc_column][vc_column][\/vc_column][\/vc_row]<\/p>\n","protected":false},"excerpt":{"rendered":"<p>[vc_row full_width=&#8221;stretch_row_content_no_spaces&#8221;][vc_column][\/vc_column][vc_column][\/vc_column][\/vc_row]<\/p>\n","protected":false},"author":3,"featured_media":0,"parent":0,"menu_order":0,"comment_status":"closed","ping_status":"open","template":"template-landing.php","meta":[],"_links":{"self":[{"href":"https:\/\/omertemel.com\/index.php?rest_route=\/wp\/v2\/pages\/2"}],"collection":[{"href":"https:\/\/omertemel.com\/index.php?rest_route=\/wp\/v2\/pages"}],"about":[{"href":"https:\/\/omertemel.com\/index.php?rest_route=\/wp\/v2\/types\/page"}],"author":[{"embeddable":true,"href":"https:\/\/omertemel.com\/index.php?rest_route=\/wp\/v2\/users\/3"}],"replies":[{"embeddable":true,"href":"https:\/\/omertemel.com\/index.php?rest_route=%2Fwp%2Fv2%2Fcomments&post=2"}],"version-history":[{"count":24,"href":"https:\/\/omertemel.com\/index.php?rest_route=\/wp\/v2\/pages\/2\/revisions"}],"predecessor-version":[{"id":2226,"href":"https:\/\/omertemel.com\/index.php?rest_route=\/wp\/v2\/pages\/2\/revisions\/2226"}],"wp:attachment":[{"href":"https:\/\/omertemel.com\/index.php?rest_route=%2Fwp%2Fv2%2Fmedia&parent=2"}],"curies":[{"name":"wp","href":"https:\/\/api.w.org\/{rel}","templated":true}]}}