{"id":705,"date":"2017-09-18T10:46:12","date_gmt":"2017-09-18T10:46:12","guid":{"rendered":"https:\/\/omertemel.com\/?page_id=705"},"modified":"2018-12-31T12:53:59","modified_gmt":"2018-12-31T12:53:59","slug":"hakkimizda","status":"publish","type":"page","link":"https:\/\/omertemel.com\/?page_id=705","title":{"rendered":"Hakk\u0131m\u0131zda"},"content":{"rendered":"<p>[vc_row][vc_column css_animation=&#8221;fadeIn&#8221;][vc_single_image image=&#8221;1787&#8243; img_size=&#8221;740&#215;90&#8243; alignment=&#8221;center&#8221; css_animation=&#8221;fadeInUp&#8221; css=&#8221;.vc_custom_1543678404570{padding-top: 50px !important;}&#8221;][\/vc_column][\/vc_row][vc_row][vc_column css_animation=&#8221;fadeIn&#8221; width=&#8221;1\/2&#8243;][vc_single_image image=&#8221;1409&#8243; img_size=&#8221;full&#8221; alignment=&#8221;center&#8221; style=&#8221;vc_box_rounded&#8221; css_animation=&#8221;fadeInRight&#8221;][\/vc_column][vc_column width=&#8221;1\/2&#8243;][vc_column_text css_animation=&#8221;fadeInLeft&#8221;]<\/p>\n<div>\n<p>10 y\u0131l\u0131 a\u015fk\u0131n s\u00fcredir foto\u011fraf sekt\u00f6r\u00fcn\u00fcn i\u00e7erisinde olmam\u0131zla beraber, 2018 y\u0131l\u0131n\u0131n Ocak ay\u0131 itibari ile Mia | Moment In Art markas\u0131 ad\u0131 alt\u0131nda, hayallerinizi ger\u00e7e\u011fe d\u00f6n\u00fc\u015ft\u00fcrmek i\u00e7in siz de\u011ferli dostlar\u0131m\u0131za hizmet vermeye ba\u015flad\u0131k.<\/p>\n<p>MIA; her a\u015famas\u0131nda marjinal fikirlerin \u00f6zenerek haz\u0131rland\u0131\u011f\u0131 farkl\u0131 ve yarat\u0131c\u0131 karelere sahip bir \u201cprod\u00fcksiyon markas\u0131\u201dd\u0131r.<\/p>\n<p>Estetik kayg\u0131s\u0131 olan, s\u0131radanl\u0131ktan ho\u015flanmayan, pop\u00fcler k\u00fclt\u00fcrden uzak ve sanatsever bir kitleye hitap eder.<\/p>\n<\/div>\n<div class=\"\" style=\"text-align: right;\"><span class=\"\" style=\"font-size: 12px;\">\u201cHer foto\u011fraf, bir ba\u015fka de\u011ferli.<\/span><\/div>\n<div class=\"\" style=\"text-align: right;\"><span class=\"\" style=\"font-size: 12px;\">Ona de\u011ferini veren ise sizlersiniz. Sizlerin mutlulu\u011fu, sevgisi ve hayalleri.<\/span><\/div>\n<div class=\"\" style=\"text-align: right;\"><span class=\"\" style=\"font-size: 12px;\">Sevginizin ne kadar de\u011ferli oldu\u011funu bir \u00f6m\u00fcr hat\u0131rlatmak ise bizim g\u00f6revimiz.\u00a0<\/span><\/div>\n<div class=\"\" style=\"text-align: right;\"><span class=\"\" style=\"font-size: 12px;\"><b class=\"\">Mia Ailesi <\/b>olarak yan\u0131n\u0131zday\u0131z.\u201d<\/span><\/div>\n<p>[\/vc_column_text][\/vc_column][\/vc_row][vc_row][vc_column css_animation=&#8221;fadeIn&#8221;][vc_custom_heading text=&#8221;Neler Yapar\u0131z?&#8221; font_container=&#8221;tag:h2|text_align:center|color:%23000000&#8243; google_fonts=&#8221;font_family:Open%20Sans%3A300%2C300italic%2Cregular%2Citalic%2C600%2C600italic%2C700%2C700italic%2C800%2C800italic|font_style:400%20regular%3A400%3Anormal&#8221; decor_line=&#8221;on&#8221; css=&#8221;.vc_custom_1540840573166{padding-bottom: 30px !important;}&#8221;][vc_row_inner equal_height=&#8221;yes&#8221;][vc_column_inner width=&#8221;1\/3&#8243; css=&#8221;.vc_custom_1505483962485{margin-bottom: 35px !important;}&#8221;][vc_icon icon_fontawesome=&#8221;fa fa-camera&#8221; color=&#8221;custom&#8221; background_style=&#8221;rounded-outline&#8221; background_color=&#8221;custom&#8221; size=&#8221;xl&#8221; align=&#8221;center&#8221; custom_background_color=&#8221;#000000&#8243;][vc_column_text]<\/p>\n<h6 style=\"text-align: center;\"><span style=\"text-transform: uppercase;\">\u00d6zel G\u00fcn \u00c7ekimleri<\/span><\/h6>\n<p style=\"text-align: center;\"><span style=\"font-size: 14px;\"><em><span style=\"font-weight: 300;\">D\u00fc\u011f\u00fcn, Ni\u015fan, K\u0131na, Nikah, Save the Date, Mezuniyet, S\u00fcnnet, Do\u011fum \u00f6ncesi ve sonras\u0131 hizmetlerini Mia Ailesi olarak sizlere sunmaktay\u0131z.<\/span><\/em><\/span><\/p>\n<p>[\/vc_column_text][\/vc_column_inner][vc_column_inner width=&#8221;1\/3&#8243; css=&#8221;.vc_custom_1505483969540{margin-bottom: 35px !important;}&#8221;][vc_icon type=&#8221;linecons&#8221; color=&#8221;custom&#8221; background_style=&#8221;rounded-outline&#8221; background_color=&#8221;custom&#8221; size=&#8221;xl&#8221; align=&#8221;center&#8221; custom_background_color=&#8221;#000000&#8243;][vc_column_text]<\/p>\n<h6 style=\"text-align: center;\"><span style=\"text-transform: uppercase;\">D\u00fc\u011f\u00fcn Hikayesi<\/span><\/h6>\n<p style=\"text-align: center;\"><span style=\"font-size: 14px;\"><em><span style=\"font-weight: 300;\">Unutulmaz bir g\u00fcn\u00fc y\u0131llar sonra da ayn\u0131 heyecan ile hat\u0131rlaman\u0131z i\u00e7in, sizlere izlemeye doyamayaca\u011f\u0131n\u0131z bir d\u00fc\u011f\u00fcn hikayesi vadediyoruz.<\/span><\/em><\/span><\/p>\n<p>[\/vc_column_text][\/vc_column_inner][vc_column_inner width=&#8221;1\/3&#8243; css=&#8221;.vc_custom_1505483974400{margin-bottom: 35px !important;}&#8221;][vc_icon icon_fontawesome=&#8221;fa fa-camera-retro&#8221; color=&#8221;custom&#8221; background_style=&#8221;rounded-outline&#8221; background_color=&#8221;custom&#8221; size=&#8221;xl&#8221; align=&#8221;center&#8221; custom_background_color=&#8221;#000000&#8243;][vc_column_text]<\/p>\n<h6 style=\"text-align: center;\"><span style=\"text-transform: uppercase;\">Kurumsal \u00c7ekimler<\/span><\/h6>\n<p style=\"text-align: center;\"><span style=\"font-size: 14px;\"><em><span style=\"font-weight: 300;\">Moda, Ki\u015fisel &#8211; Siyasi, Reklam &#8211; Tan\u0131t\u0131m, Mimari &#8211; Mekan, \u00dcr\u00fcn, Katalog, Yemek vs. t\u00fcm kurumsal \u00e7ekimlerinizi Mia Foto\u011fraf ekibimiz ile ger\u00e7ekle\u015ftirebiliriz.<\/span><\/em><\/span><\/p>\n<p>[\/vc_column_text][\/vc_column_inner][\/vc_row_inner][vc_row_inner equal_height=&#8221;yes&#8221;][vc_column_inner width=&#8221;1\/3&#8243; css=&#8221;.vc_custom_1505483962485{margin-bottom: 35px !important;}&#8221;][vc_icon icon_fontawesome=&#8221;fa fa-video-camera&#8221; color=&#8221;custom&#8221; background_style=&#8221;rounded-outline&#8221; background_color=&#8221;custom&#8221; size=&#8221;xl&#8221; align=&#8221;center&#8221; custom_background_color=&#8221;#000000&#8243;][vc_column_text]<\/p>\n<h6 style=\"text-align: center;\"><span style=\"text-transform: uppercase;\">Tan\u0131t\u0131m Filmi<\/span><\/h6>\n<p style=\"text-align: center;\"><span style=\"font-size: 14px;\"><em><span style=\"font-weight: 300;\">G\u00f6rsel zevki ve ak\u0131lda kal\u0131c\u0131l\u0131\u011f\u0131 y\u00fcksek olan tan\u0131t\u0131m filmleri her firman\u0131n vazge\u00e7ilmezi olmakla beraber son zamanlar\u0131n trendi haline gelmi\u015ftir.<\/span><\/em><\/span><\/p>\n<p>[\/vc_column_text][\/vc_column_inner][vc_column_inner width=&#8221;1\/3&#8243; css=&#8221;.vc_custom_1505483969540{margin-bottom: 35px !important;}&#8221;][vc_icon icon_fontawesome=&#8221;fa fa-plane&#8221; color=&#8221;custom&#8221; background_style=&#8221;rounded-outline&#8221; background_color=&#8221;custom&#8221; size=&#8221;xl&#8221; align=&#8221;center&#8221; custom_background_color=&#8221;#000000&#8243;][vc_column_text]<\/p>\n<h6 style=\"text-align: center;\"><span style=\"text-transform: uppercase;\">Drone \u00c7ekimleri<\/span><\/h6>\n<p style=\"text-align: center;\"><span style=\"font-size: 14px;\"><em><span style=\"font-weight: 300;\">G\u00f6rsel sunumu y\u00fcksek olan ve son y\u0131llar\u0131n trendi haline gelen \u2018\u2019U\u00e7an G\u00f6z\u2019\u2019 profesyonel ekibimiz ve ticari \u0130HA lisans\u0131m\u0131z ile hizmetinizde\u2026<\/span><\/em><\/span><\/p>\n<p>[\/vc_column_text][\/vc_column_inner][vc_column_inner width=&#8221;1\/3&#8243; css=&#8221;.vc_custom_1505483974400{margin-bottom: 35px !important;}&#8221;][vc_icon icon_fontawesome=&#8221;fa fa-file-video-o&#8221; color=&#8221;custom&#8221; background_style=&#8221;rounded-outline&#8221; background_color=&#8221;custom&#8221; size=&#8221;xl&#8221; align=&#8221;center&#8221; custom_background_color=&#8221;#000000&#8243;][vc_column_text]<\/p>\n<h6 style=\"text-align: center;\"><span style=\"text-transform: uppercase;\">Video \u00c7ekimleri<\/span><\/h6>\n<p style=\"text-align: center;\"><span style=\"font-size: 14px;\"><em><span style=\"font-weight: 300;\">Haz\u0131rlad\u0131\u011f\u0131n\u0131z her \u00f6zel organizasyonu \u00f6l\u00fcms\u00fczle\u015ftirmek ad\u0131na verdi\u011fimiz hizmetler aras\u0131nda; &#8220;Jimmyjib ve Profesyonel Video Kameralar&#8221; da bulunmaktad\u0131r.<\/span><\/em><\/span><\/p>\n<p>[\/vc_column_text][\/vc_column_inner][\/vc_row_inner][\/vc_column][\/vc_row][vc_row][vc_column]<div class=\"blog-items row blog-type-grid blog-5c1ac0a7ee20e \"><article class=\"blog-item category-mianin-kaleminden with-image col-xs-12 col-sm-4 col-md-4\"><div class=\"wrap\"><div class=\"img\"><a href=\"https:\/\/omertemel.com\/?p=1350\" style=\"background-image: url(https:\/\/omertemel.com\/wp-content\/uploads\/2018\/10\/mia-sanat-galerisi-sklgnn-sembolu.jpg);\"><\/a><\/div><div class=\"content\"><h5><a href=\"https:\/\/omertemel.com\/?p=1350\">\u015eIKLI\u011eIN SEMBOL\u00dc<\/a><\/h5><div class=\"date\">20\/12\/2018<\/div><p>D\u00fc\u011f\u00fcn\u00fcn yap\u0131laca\u011f\u0131 mekandan, giyece\u011finiz smokinin tarz\u0131na kadar hepsi bir biriyle ba\u011flant\u0131l\u0131 olmal\u0131d\u0131r. Otel, d\u00fc\u011f\u00fcn salonu gibi daha resmi ve kapal\u0131 mekanlarda yap\u0131lan d\u00fc\u011f\u00fcn...<\/p><\/div><div class=\"clear\"><\/div><div class=\"bottom like-on comment-off\"><div class=\"col\"><a href=\"#\" class=\"zilla-likes\" id=\"zilla-likes-1350\" title=\"Like this\" data-postfix=\" likes\"><i class=\"multimedia-icon-heart\"><\/i> <span>9 likes<\/span><\/a><\/div><\/div><\/div><\/article><article class=\"blog-item category-mianin-kaleminden with-image col-xs-12 col-sm-4 col-md-4\"><div class=\"wrap\"><div class=\"img\"><a href=\"https:\/\/omertemel.com\/?p=1347\" style=\"background-image: url(https:\/\/omertemel.com\/wp-content\/uploads\/2018\/10\/mia-sanat-galerisi-zarif-secimler-blog-yazisi.jpg);\"><\/a><\/div><div class=\"content\"><h5><a href=\"https:\/\/omertemel.com\/?p=1347\">ZAR\u0130F SE\u00c7\u0130MLER<\/a><\/h5><div class=\"date\">27\/12\/2018<\/div><p>Pek \u00e7ok gelin d\u00fc\u011f\u00fcn haz\u0131rl\u0131klar\u0131na nereden ba\u015flayacaklar\u0131n\u0131 bilemez. Bu s\u00fcre\u00e7te her konuda \u00f6n\u00fcm\u00fcze dizilen onlarca se\u00e7enek kafan\u0131z\u0131n iyice kar\u0131\u015fmas\u0131na, sizin i\u00e7in en uygun o...<\/p><\/div><div class=\"clear\"><\/div><div class=\"bottom like-on comment-off\"><div class=\"col\"><a href=\"#\" class=\"zilla-likes\" id=\"zilla-likes-1347\" title=\"Like this\" data-postfix=\" likes\"><i class=\"multimedia-icon-heart\"><\/i> <span>11 likes<\/span><\/a><\/div><\/div><\/div><\/article><article class=\"blog-item category-mianin-kaleminden with-image col-xs-12 col-sm-4 col-md-4\"><div class=\"wrap\"><div class=\"img\"><a href=\"https:\/\/omertemel.com\/?p=1341\" style=\"background-image: url(https:\/\/omertemel.com\/wp-content\/uploads\/2018\/10\/mia-sanat-galerisi-elazig-fotografci-ilham-kaynagi.jpg);\"><\/a><\/div><div class=\"content\"><h5><a href=\"https:\/\/omertemel.com\/?p=1341\">\u0130LHAM KAYNA\u011eI<\/a><\/h5><div class=\"date\">29\/12\/2018<\/div><p>\u00d6zel g\u00fcn\u00fcn heyecan\u0131yla her detay\u0131 kusursuzca tasarlamak ve d\u00fc\u011f\u00fcn\u00fcn\u00fcz\u00fc herkes i\u00e7in unutulmaz k\u0131lmak istedi\u011finizin fark\u0131nday\u0131z. Bu a\u015famada en \u00f6nemli unsurlardan birinin de \u201cfoto...<\/p><\/div><div class=\"clear\"><\/div><div class=\"bottom like-on comment-off\"><div class=\"col\"><a href=\"#\" class=\"zilla-likes\" id=\"zilla-likes-1341\" title=\"Like this\" data-postfix=\" likes\"><i class=\"multimedia-icon-heart\"><\/i> <span>9 likes<\/span><\/a><\/div><\/div><\/div><\/article><\/div>[\/vc_column][\/vc_row]<\/p>\n","protected":false},"excerpt":{"rendered":"<p>[vc_row][vc_column css_animation=&#8221;fadeIn&#8221;][vc_single_image image=&#8221;1787&#8243; img_size=&#8221;740&#215;90&#8243; alignment=&#8221;center&#8221; css_animation=&#8221;fadeInUp&#8221; css=&#8221;.vc_custom_1543678404570{padding-top: 50px !important;}&#8221;][\/vc_column][\/vc_row][vc_row][vc_column css_animation=&#8221;fadeIn&#8221; width=&#8221;1\/2&#8243;][vc_single_image image=&#8221;1409&#8243; img_size=&#8221;full&#8221; alignment=&#8221;center&#8221; style=&#8221;vc_box_rounded&#8221; css_animation=&#8221;fadeInRight&#8221;][\/vc_column][vc_column width=&#8221;1\/2&#8243;][vc_column_text css_animation=&#8221;fadeInLeft&#8221;] 10 y\u0131l\u0131 a\u015fk\u0131n s\u00fcredir foto\u011fraf sekt\u00f6r\u00fcn\u00fcn i\u00e7erisinde olmam\u0131zla beraber, 2018 y\u0131l\u0131n\u0131n Ocak ay\u0131 itibari ile Mia | Moment In Art markas\u0131 ad\u0131 alt\u0131nda, hayallerinizi ger\u00e7e\u011fe d\u00f6n\u00fc\u015ft\u00fcrmek i\u00e7in siz de\u011ferli dostlar\u0131m\u0131za hizmet vermeye ba\u015flad\u0131k. MIA; her a\u015famas\u0131nda marjinal [&hellip;]<\/p>\n","protected":false},"author":3,"featured_media":0,"parent":0,"menu_order":0,"comment_status":"closed","ping_status":"closed","template":"template-landing.php","meta":[],"_links":{"self":[{"href":"https:\/\/omertemel.com\/index.php?rest_route=\/wp\/v2\/pages\/705"}],"collection":[{"href":"https:\/\/omertemel.com\/index.php?rest_route=\/wp\/v2\/pages"}],"about":[{"href":"https:\/\/omertemel.com\/index.php?rest_route=\/wp\/v2\/types\/page"}],"author":[{"embeddable":true,"href":"https:\/\/omertemel.com\/index.php?rest_route=\/wp\/v2\/users\/3"}],"replies":[{"embeddable":true,"href":"https:\/\/omertemel.com\/index.php?rest_route=%2Fwp%2Fv2%2Fcomments&post=705"}],"version-history":[{"count":72,"href":"https:\/\/omertemel.com\/index.php?rest_route=\/wp\/v2\/pages\/705\/revisions"}],"predecessor-version":[{"id":2211,"href":"https:\/\/omertemel.com\/index.php?rest_route=\/wp\/v2\/pages\/705\/revisions\/2211"}],"wp:attachment":[{"href":"https:\/\/omertemel.com\/index.php?rest_route=%2Fwp%2Fv2%2Fmedia&parent=705"}],"curies":[{"name":"wp","href":"https:\/\/api.w.org\/{rel}","templated":true}]}}